units digit of 2850911676?
6
What is the tens digit of 226924513?
1
What is the units digit of 92789954?
4
What is the hundred millions digit of 524002050?
5
What is the thousands digit of 484606265?
6
What is the thousands digit of 216588704?
8
What is the hundreds digit of 2138280052?
0
What is the tens digit of 598381355?
5
What is the ten thousands digit of 143291595?
9
What is the ten millions digit of 792702226?
9
What is the thousands digit of 76533705?
3
What is the hundred thousands digit of 53672164?
6
What is the tens digit of 1946727796?
9
What is the ten millions digit of 10185704?
1
What is the units digit of 1795833857?
7
What is the hundreds digit of 248087943?
9
What is the ten millions digit of 1959889617?
5
What is the thousands digit of 41818059?
8
What is the ten thousands digit of 75691171?
9
What is the tens digit of 2254412074?
7
What is the ten thousands digit of 48939012?
3
What is the millions digit of 3743698337?
3
What is the millions digit of 66664497?
6
What is the ten millions digit of 107569319?
0
What is the ten millions digit of 252762910?
5
What is the tens digit of 92670704?
0
What is the hundreds digit of 71690193?
1
What is the tens digit of 162520638?
3
What is the billions digit of 2356944714?
2
What is the ten thousands digit of 65302295?
0
What is the millions digit of 4229244?
4
What is the ten millions digit of 638636146?
3
What is the hundred thousands digit of 3109953719?
9
What is the tens digit of 4677664847?
4
What is the units digit of 517186378?
8
What is the thousands digit of 432818578?
8
What is the hundred thousands digit of 8008938433?
9
What is the ten thousands digit of 335577136?
7
What is the hundreds digit of 897254502?
5
What is the hundred thousands digit of 2466194444?
1
What is the hundreds digit of 35766077?
0
What is the ten millions digit of 413817708?
1
What is the ten millions digit of 41942787?
4
What is the millions digit of 38656337?
8
What is the millions digit of 183022714?
3
What is the millions digit of 98814794?
8
What is the millions digit of 94956485?
4
What is the ten millions digit of 3644198466?
4
What is the hundred millions digit of 431540297?
4
What is the hundred thousands digit of 947252340?
2
What is the units digit of 2363560933?
3
What is the tens digit of 196149658?
5
What is the ten millions digit of 43027612?
4
What is the millions digit of 199742174?
9
What is the millions digit of 334835086?
4
What is the ten millions digit of 648676208?
4
What is the thousands digit of 3868717190?
7
What is the ten thousands digit of 125622561?
2
What is the hundred thousands digit of 70823197?
8
What is the millions digit of 461051187?
1
What is the thousands digit of 80491868?
1
What is the tens digit of 73015925?
2
What is the thousands digit of 2713541512?
1
What is the ten thousands digit of 441798232?
9
What is the ten thousands digit of 2239991965?
9
What is the tens digit of 2422387552?
5
What is the hundred millions digit of 781429894?
7
What is the ten thousands digit of 23901379?
0
What is the tens digit of 26732076?
7
What is the hundreds digit of 469368577?
5
What is the hundreds digit of 94404596?
5
What is the hundred thousands digit of 2855746259?
7
What is the hundred millions digit of 1599601880?
5
What is the hundred millions digit of 226860617?
2
What is the millions digit of 3786409179?
6
What is the ten millions digit of 33805574?
3
What is the units digit of 35053135?
5
What is the hundred thousands digit of 147262875?
2
What is the thousands digit of 38568122?
8
What is the ten thousands digit of 2310172780?
7
What is the hundreds digit of 3140617948?
9
What is the hundreds digit of 270348176?
1
What is the ten millions digit of 647656763?
4
What is the thousands digit of 189552323?
2
What is the hundreds digit of 5909801922?
9
What is the hundred millions digit of 3602361327?
6
What is the millions digit of 20729218?
0
What is the thousands digit of 264447032?
7
What is the hundred millions digit of 138691731?
1
What is the hundreds digit of 61983428?
4
What is the hundred thousands digit of 293404607?
4
What is the hundred millions digit of 2789442251?
7
What is the units digit of 17228590?
0
What is the tens digit of 5326309740?
4
What is the ten millions digit of 98860567?
9
What is the hundred thousands digit of 217496688?
4
What is the millions digit of 2390016635?
0
What is the thousands digit of 91057951?
7
What is the ten thousands digit of 235856327?
5
What is the hundred millions digit of 697112376?
6
What is the units digit of 48069810?
0
What is the tens digit of 297102429?
2
What is the ten millions digit of 13827686?
1
What is the tens digit of 239519218?
1
What is the ten millions digit of 304950142?
0
What is the ten thousands digit of 585202806?
0
What is the units digit of 1006513596?
6
What is the millions digit of 547678231?
7
What is the hundreds digit of 200382149?
1
What is the ten millions digit of 219990849?
1
What is the hundreds digit of 44508559?
5
What is the ten thousands digit of 9587871?
8
What is the thousands digit of 1738154044?
4
What is the ten millions digit of 131990667?
3
What is the units digit of 84390843?
3
What is the millions digit of 78735854?
8
What is the ten millions digit of 1059175412?
5
What is the ten millions digit of 79391851?
7
What is the units digit of 3023391308?
8
What is the hundred thousands digit of 258437524?
4
What is the ten millions digit of 47554882?
4
What is the hundreds digit of 5462429091?
0
What is the tens digit of 8118861877?
7
What is the hundreds digit of 3408158478?
4
What is the units digit of 8198068?
8
What is the hundred thousands digit of 37769262?
7
What is the ten millions digit of 111271994?
1
What is the billions digit of 2085410437?
2
What is the millions digit of 335868717?
5
What is the millions digit of 51130486?
1
What is the units digit of 42918550?
0
What is the tens digit of 41543313?
1
What is the hundreds digit of 3349479239?
2
What is the units digit of 8530980427?
7
What is the hundred millions digit of 1531650347?
5
What is the ten millions digit of 69800670?
6
What is the hundred millions digit of 128222135?
1
What is the ten thousands digit of 20546451?
4
What is the units digit of 219364626?
6
What is the hundred thousands digit of 15050227?
0
What is the hundred thousands digit of 5923487?
9
What is the ten millions digit of 1554341612?
5
What is the ten thousands digit of 83242866?
4
What is the hundred millions digit of 1085749524?
0
What is the ten millions digit of 67974077?
6
What is the hundreds digit of 152789809?
8
What is the hundred thousands digit of 520372557?
3
What is the hundreds digit of 555781308?
3
What is the hundreds digit of 2585501169?
1
What is the billions digit of 1022270190?
1
What is the hundreds digit of 158272976?
9
What is the hundred thousands digit of 5646201?
6
What is the tens digit of 33608528?
2
What is the ten thousands digit of 177676607?
7
What is the ten millions digit of 265858374?
6
What is the tens digit of 218876980?
8
What is the hundred thousands digit of 50999758?
9
What is the hundreds digit of 104766764?
7
What is the hundred thousands digit of 41796142?
7
What is the ten millions digit of 2692261476?
9
What is the thousands digit of 45341255?
1
What is the thousands digit of 809327238?
7
What is the millions digit of 53485119?
3
What is the millions digit of 714443743?
4
What is the tens digit of 1728858875?
7
What is the millions digit of 350199851?
0
What is the tens digit of 2787260387?
8
What is the hundreds digit of 5554690784?
7
What is the hundred thousands digit of 15410367?
4
What is the millions digit of 587897927?
7
What is the tens digit of 2616766685?
8
What is the thousands digit of 5987173391?
3
What is the units digit of 436438418?
8
What is the thousands digit of 207359761?
9
What is the hundreds digit of 74473963?
9
What is the thousands digit of 3556721119?
1
What is the units digit of 207417533?
3
What is the millions digit of 1163849488?
3
What is the units digit of 134536740?
0
What is the hundred thousands digit of 326463057?
4
What is the millions digit of 2261008686?
1
What is the millions digit of 401525351?
1
What is the tens digit of 277006799?
9
What is t